7 = -0*f + 3*f + c, -5*f + 889 = -4*c. What is the tens digit of f?
8
Let y(q) = q**2 + 3*q + 3. Let l be y(7). Suppose 5*b - 141 = 3*d, l = 3*b + 3*d + d. What is the units digit of b?
7
Let p be (-3)/(-2*2/100). Suppose 5*a = 5*f + p + 50, -5*f - 83 = -3*a. Let u = a - 15. What is the units digit of u?
6
Let f(r) = -r**3 + 10*r**2 - 11*r + 5. Let i be f(9). Let u = 27 + i. What is the units digit of (u/(-4))/((-5)/10)?
7
Let z(a) = -3*a + 6. Let p be z(-5). Let o be (3*-1)/((-7)/p). Suppose -5*c + c - 6 = y, 0 = y - c - o. What is the units digit of y?
6
Let s(q) = -32*q - 1. Let z be s(1). Let u = z + 48. What is the units digit of (u/6)/(2/4)?
5
Let f(a) = a + 36. What is the units digit of f(0)?
6
Suppose -508 = -2*m - 5*z, 0 = -10*z + 9*z + 2. What is the units digit of m?
9
Suppose -3*b - 171 = -4*x, 0 = -2*b + 3 + 3. What is the units digit of x?
5
Let y(q) = q**2 + 8*q + 7. Let v be y(-7). Suppose -s + v + 2 = 0. What is the units digit of s?
2
Let r(n) = -9*n - 2. Let c be r(-1). Let t = 16 + -7. Let h = t - c. What is the units digit of h?
2
Suppose -s + 1 + 8 = 2*h, 5*h - 5*s = 0. What is the tens digit of (h - 20/6)*-39?
1
Let l be 1 - (-3*2 - -1). Let n be 3/l - (-42)/4. Let h = n + -7. What is the units digit of h?
4
Let b(t) = t - 2. Let x be b(5). Suppose 2 - 5 = -3*i, x*i = -5*d - 2. Let o = 1 - d. What is the units digit of o?
2
Let g = -8 + 6. Let d = g + 4. What is the units digit of (1/d)/((-6)/(-144))?
2
Suppose -x - 3*x = -20. Suppose -x*k - 5*b + 5 = -0*b, 3*k = -5*b - 1. Suppose 5*c + h - 8 = 0, -h + 4 = k*c - 2*c. What is the units digit of c?
1
Suppose 24 = 8*z - 2*z. Suppose 3*m + 3*s - s + 234 = 0, -5*m + 5*s = 365. What is the tens digit of m/(-8) + 2/z?
1
Let k be ((-3)/(-2))/(1/12). Let w(i) = i**2 - i - 2. Let t be w(-2). Suppose 0 = 2*z - t*u - k, -5*z - 3*u - 9 = -2*z. What is the units digit of z?
1
Let w(n) = n + 10. Let v be w(-8). Suppose s = 4*m - 38 - 111, v*s = -m + 44. What is the tens digit of m?
3
Suppose 4*o = 5*c + 145, 3*o + 0*c - 4*c = 108. Suppose 2*p = -3*p + o. What is the units digit of p?
8
Let w = -15 - -62. Let f = 80 - w. What is the tens digit of f?
3
Let d = 2 + -4. Let c be -2*d/(-4) - -34. Suppose c = u + 2*g, -2*u + 44 = u - 5*g. What is the units digit of u?
3
Let l(y) be the third derivative of y**5/60 - y**4/24 - y**3/6 + y**2. Let s(w) = -4*w**2 + 4*w + 1. Let q(b) = -2*l(b) - s(b). What is the tens digit of q(-2)?
1
Let b be -5 + (-4)/(-1) + -3. What is the units digit of (-590)/(-75) - b/30?
8
Suppose -3*n + 10 = 4*p, -3*p - 3*n = -0*p - 9. Let t be p/6 + (-43)/6. Let y(a) = -2*a - 8. What is the units digit of y(t)?
6
Let d(w) be the first derivative of -w**2 - 4*w - 1. Let t be d(-3). Let x = -1 + t. What is the units digit of x?
1
Let z be 10*(-4)/8*-1. Suppose z*a = -0*a + 80. What is the tens digit of a?
1
Let v(j) be the third derivative of j**4/24 + j**3/6 - 3*j**2. What is the tens digit of v(10)?
1
Let b(j) be the first derivative of 1/2*j**2 + 6*j - 2. What is the units digit of b(-3)?
3
What is the units digit of 6*44/(-30)*-5?
4
Let l(x) = 5*x**3 - 4*x + x**2 - 4*x**3 + x + 2. Let a = 2 + 0. What is the units digit of l(a)?
8
Let n = -29 - -56. What is the units digit of n?
7
Let k be ((-2)/2)/(2/10). Suppose 0 = -v + 2*v - 9. Let y = v + k. What is the units digit of y?
4
Suppose -7*a + 531 = -71. What is the units digit of a?
6
Let j(q) = q + 17. Let d be j(-9). Suppose v = -0*v. Let b = d + v. What is the units digit of b?
8
Let y(u) be the first derivative of u**3/3 - 3*u**2/2 + 5*u - 1. What is the units digit of y(4)?
9
Let y(n) = -n**3 - 4*n**2 + 10*n + 2. What is the units digit of y(-7)?
9
What is the tens digit of 27 + 1/((5/2)/5)?
2
What is the units digit of 0 - ((-45 - 0) + -3)?
8
Let p = 188 + -105. What is the tens digit of p?
8
What is the units digit of (6/3)/(2/69)?
9
Let o(q) = q + 5. Let n(g) be the second derivative of g**3/6 + 2*g**2 - 2*g. Let r(i) = -6*n(i) + 5*o(i). What is the units digit of r(-1)?
2
Let s = 81 + -32. Suppose 0 = 3*h + 1 - s. What is the units digit of h?
6
Let x = 75 + -126. Let m be 2/(-10) + x/(-5). What is the tens digit of (m/(-25))/(2/(-70))?
1
Let a be 3*1*(-2)/(-3). Let i = a + 8. What is the tens digit of i?
1
Let r = 277 - 101. What is the tens digit of r?
7
Let f = -108 + 230. What is the hundreds digit of f?
1
Let i = 11 - 13. Suppose 4*u + 20 = w - 2*w, 3*w - 2*u = -4. Let s = i - w. What is the units digit of s?
2
Let d(t) = -t**3 + 6*t**2 - 4*t - 3. Let o be d(5). Suppose o*v + 5*j - 27 = 2, -4*v + 16 = -4*j. What is the units digit of v?
7
Suppose -6*p + 5 = -7. Suppose 0*r + 9 = h + r, 8 = -2*r. Suppose -h = -3*x + p. What is the units digit of x?
5
Let s(x) = 5 + 2*x**2 - 3*x**2 - 8*x + 2*x**2. What is the units digit of s(8)?
5
What is the units digit of 20*(4/(-3))/(1/(-3))?
0
Suppose 3*q - 7*q = -j + 5, -5*q - 25 = -5*j. Let m(k) = k + 3. Let a be m(q). Let s = a - -1. What is the units digit of s?
4
Suppose g = -0*g + 14. What is the units digit of g?
4
Let a be 21/5 + (-2)/10. Let w = a - -1. What is the units digit of w?
5
Let n be 18/(-6) - 2*1. What is the units digit of (0 - n/2)*2?
5
Let c be (0 + 1 + 1)*2. Let d be c/18 - 2/9. Suppose d = 3*j - 4*j + 4. What is the units digit of j?
4
Let l = 295 - 206. What is the units digit of l?
9
Suppose 2*i - 4*r - 48 = 0, -6*i + i = -5*r - 110. What is the tens digit of i?
2
Let w = -5 - -17. What is the units digit of (-12)/2*(-4)/w?
2
Suppose c - 8 = -5*b, 0 = 3*c - b - 2*b - 114. Suppose -5*o + c + 42 = 0. What is the tens digit of o?
1
Let m(v) = -v**2 + 8*v - 6. Let s = 86 + -54. Suppose -s = -4*p - 4. What is the units digit of m(p)?
1
Suppose 0*q + 985 = q. Let s = 677 - q. What is the units digit of 4/26 + s/(-26)?
2
Let z(d) = -36*d. Let u be z(-1). Let r = -25 + u. What is the units digit of r?
1
Let s(j) = j - 5. Let c be s(5). Suppose c = 3*b - 74 - 19. What is the tens digit of b?
3
Let c = 25 + 79. What is the tens digit of c?
0
Let k(v) = v**3 - 6*v**2 + 7*v - 6. Let m be k(5). Suppose m*u = 2*u. Suppose u*n - n + 13 = 4*y, -y + 27 = 5*n. What is the units digit of y?
2
Suppose 3*s + 80 = 5*s. What is the units digit of s?
0
Suppose 4*m = -2*w - 2*w + 20, 5*m + 5 = -2*w. Let f = w + -6. What is the units digit of f?
4
Let a(g) = 2*g**2 + 1 - 5*g + 0*g - 5. Suppose -5*i + 20 = 0, 4 = -4*m + 3*i + 8. What is the units digit of a(m)?
8
What is the tens digit of -10 + 11 - 102/(-1)?
0
Suppose 3 = 5*h + 8, 3*v - 2 = -h. What is the units digit of v?
1
Suppose 11*g - 9*g - 184 = 0. What is the units digit of g?
2
Suppose -2*s = i - 3, -2*s + 0 = -i - 1. Suppose i = -5*j + 31. What is the units digit of j?
6
Let y(i) = -i**3 + 13*i**2 + 5*i. Let g be y(13). Let v = g + -39. What is the tens digit of v?
2
Suppose -9 + 29 = -4*o - 2*w, 2*o - 2*w + 10 = 0. Let r = 4 + o. What is the units digit of 6 - (1 - 0)*r?
7
Suppose 2*k + 6 = 5*k. Suppose -5*b + 32 = k*g, g + 7 = b + 2*g. What is the units digit of b?
6
Let v(b) = -b**2 - 5*b + 3. Let c be v(-4). Let g = c - 6. What is the units digit of g?
1
Suppose 0 = -0*w - w - 2*i - 13, -4*i - 77 = 5*w. Let s = w + 40. Suppose -3*t + j + 13 = 0, -5*t = -5*j + 3*j - s. What is the units digit of t?
3
Suppose 0 = -4*q + 3*p + 461, -581 = 2*q - 7*q - p. What is the tens digit of q?
1
Let s(w) = 3*w - 4. Let g be s(6). Let t be 0 + g - 6/(-2). Suppose -5*b + 102 = t. What is the tens digit of b?
1
Suppose 0 = -2*l - 2*l. Suppose l = -11*c + 16*c - 35. What is the units digit of c?
7
What is the units digit of 50/(-4)*72/(-20)?
5
Suppose 0 = -u - 3*u. Let o(z) = -z - 2*z + 2*z + 8 + u*z. What is the units digit of o(0)?
8
Let d(i) = 3*i - 10. What is the units digit of d(8)?
4
Let l = 71 - 44. Suppose 0*o + 5*j = 5*o - 75, 4*j = o - l. What is the units digit of o?
1
Suppose -3*f - 2 = -2*u, 5*f = 2*u - 3 + 1. Suppose f*n + 5 = 5*n. Let d = n + 4. What is the units digit of d?
5
Let d(g) = -g**2 - 2*g + 1. Let l be d(3). Suppose 11 + 4 = -5*b. What is the units digit of (l/4)/(b/6)?
7
Suppose -3*g + 20 = 2. What is the tens digit of (63/(-28))/(g/(-32))?
1
What is the units digit of 3 + 1 + -3 - (-80 + 3)?
8
Suppose 14*a = -a + 2370. What is the hundreds digit of a?
1
Let n = 74 - -23. What is the units 